{"id":93,"date":"2016-03-07T11:53:59","date_gmt":"2016-03-07T11:53:59","guid":{"rendered":"https:\/\/charlyserdbeerhof.wordpress.com\/?page_id=93"},"modified":"2016-04-19T13:22:05","modified_gmt":"2016-04-19T13:22:05","slug":"witamy-serdecznie-na-plantacji-truskawek-charliego","status":"publish","type":"page","link":"https:\/\/charlys-erdbeerhof.de\/?page_id=93","title":{"rendered":"Polska"},"content":{"rendered":"<p><strong>Witamy serdecznie na plantacji truskawek Charliego!<\/strong><\/p>\n<p>Truskawki w naszej firmie zaczynamy zbiera\u0107 ju\u017c w po\u0142owie maja (jest to w du\u017cej mierze zale\u017cne od pogody).\u00a0Na sezon 2016 potrzebujemy oko\u0142o 650 pracownik\u00f3w. Zapisy na zbi\u00f3r truskawki trwaj\u0105 do ko\u0144ca kwietnia. Pretendenci chc\u0105cy pracowa\u0107 w naszej firmie mog\u0105 przyjecha\u0107 na okres od 5 do 10 tygogni. Do 10 lutego, mo\u017cna si\u0119 r\u00f3wnie\u017c zapisywa\u0107 na sadzenie truskawek. Wi\u0119cej informacji na temat mo\u017cliwych termin\u00f3w przyjadzu otrzymaj\u0105 pa\u0144stwo telefonicznie, b\u0105d\u017a drog\u0105 mailow\u0105.<\/p>\n","protected":false},"excerpt":{"rendered":"<p>Witamy serdecznie na plantacji truskawek Charliego! Truskawki w naszej firmie zaczynamy zbiera\u0107 ju\u017c w po\u0142owie maja (jest to w du\u017cej mierze zale\u017cne od pogody).\u00a0Na sezon 2016 potrzebujemy oko\u0142o 650 pracownik\u00f3w. Zapisy na zbi\u00f3r truskawki trwaj\u0105 do ko\u0144ca kwietnia. Pretendenci chc\u0105cy pracowa\u0107 w naszej firmie mog\u0105 przyjecha\u0107 na okres od 5 do 10 tygogni. Do 10&hellip;<\/p>\n","protected":false},"author":1,"featured_media":0,"parent":0,"menu_order":0,"comment_status":"closed","ping_status":"closed","template":"","meta":[],"_links":{"self":[{"href":"https:\/\/charlys-erdbeerhof.de\/index.php?rest_route=\/wp\/v2\/pages\/93"}],"collection":[{"href":"https:\/\/charlys-erdbeerhof.de\/index.php?rest_route=\/wp\/v2\/pages"}],"about":[{"href":"https:\/\/charlys-erdbeerhof.de\/index.php?rest_route=\/wp\/v2\/types\/page"}],"author":[{"embeddable":true,"href":"https:\/\/charlys-erdbeerhof.de\/index.php?rest_route=\/wp\/v2\/users\/1"}],"replies":[{"embeddable":true,"href":"https:\/\/charlys-erdbeerhof.de\/index.php?rest_route=%2Fwp%2Fv2%2Fcomments&post=93"}],"version-history":[{"count":14,"href":"https:\/\/charlys-erdbeerhof.de\/index.php?rest_route=\/wp\/v2\/pages\/93\/revisions"}],"predecessor-version":[{"id":206,"href":"https:\/\/charlys-erdbeerhof.de\/index.php?rest_route=\/wp\/v2\/pages\/93\/revisions\/206"}],"wp:attachment":[{"href":"https:\/\/charlys-erdbeerhof.de\/index.php?rest_route=%2Fwp%2Fv2%2Fmedia&parent=93"}],"curies":[{"name":"wp","href":"https:\/\/api.w.org\/{rel}","templated":true}]}}

<p><strong>Witamy serdecznie na plantacji truskawek Charliego!</strong></p>
<p>Truskawki w naszej firmie zaczynamy zbierać już w połowie maja (jest to w dużej mierze zależne od pogody). Na sezon 2016 potrzebujemy około 650 pracowników. Zapisy na zbiór truskawki trwają do końca kwietnia. Pretendenci chcący pracować w naszej firmie mogą przyjechać na okres od 5 do 10 tygogni. Do 10 lutego, można się również zapisywać na sadzenie truskawek. Więcej informacji na temat możliwych terminów przyjadzu otrzymają państwo telefonicznie, bądź drogą mailową.</p>

<p>Witamy serdecznie na plantacji truskawek Charliego! Truskawki w naszej firmie zaczynamy zbierać już w połowie maja (jest to w dużej mierze zależne od pogody). Na sezon 2016 potrzebujemy około 650 pracowników. Zapisy na zbiór truskawki trwają do końca kwietnia. Pretendenci chcący pracować w naszej firmie mogą przyjechać na okres od 5 do 10 tygogni. Do 10&hellip;</p>
